{"id":75,"date":"2025-08-13T13:38:48","date_gmt":"2025-08-13T11:38:48","guid":{"rendered":"https:\/\/www.laboratorios.galimplant.com\/?page_id=75"},"modified":"2025-10-01T12:00:25","modified_gmt":"2025-10-01T10:00:25","slug":"pontevedra","status":"publish","type":"page","link":"https:\/\/www.laboratorios.galimplant.com\/index.php\/pontevedra\/","title":{"rendered":"Pontevedra"},"content":{"rendered":"\t\t<div data-elementor-type=\"wp-page\" data-elementor-id=\"75\" class=\"elementor elementor-75\" data-elementor-post-type=\"page\">\n\t\t\t\t<div class=\"elementor-element elementor-element-d3d9347 e-flex e-con-boxed e-con e-parent\" data-id=\"d3d9347\" data-element_type=\"container\">\n\t\t\t\t\t<div class=\"e-con-inner\">\n\t\t\t\t<div class=\"elementor-element elementor-element-614e1c23 elementor-widget elementor-widget-spacer\" data-id=\"614e1c23\" data-element_type=\"widget\" data-widget_type=\"spacer.default\">\n\t\t\t\t\t\t\t<div class=\"elementor-spacer\">\n\t\t\t<div class=\"elementor-spacer-inner\"><\/div>\n\t\t<\/div>\n\t\t\t\t\t\t<\/div>\n\t\t\t\t\t<\/div>\n\t\t\t\t<\/div>\n\t\t\t\t<section class=\"elementor-section elementor-top-section elementor-element elementor-element-837b01 elementor-section-boxed elementor-section-height-default elementor-section-height-default\" data-id=\"837b01\" data-element_type=\"section\" data-settings=\"{&quot;background_background&quot;:&quot;classic&quot;}\">\n\t\t\t\t\t\t<div class=\"elementor-container elementor-column-gap-default\">\n\t\t\t\t\t<div class=\"elementor-column elementor-col-100 elementor-top-column elementor-element elementor-element-7540a1a7\" data-id=\"7540a1a7\" data-element_type=\"column\">\n\t\t\t<div class=\"elementor-widget-wrap elementor-element-populated\">\n\t\t\t\t\t\t<div class=\"elementor-element elementor-element-4a823376 elementor-widget elementor-widget-heading\" data-id=\"4a823376\" data-element_type=\"widget\" data-widget_type=\"heading.default\">\n\t\t\t\t\t<h1 class=\"elementor-heading-title elementor-size-default\">LABORATORIOS EN PONTEVEDRA<\/h1>\t\t\t\t<\/div>\n\t\t\t\t<div class=\"elementor-element elementor-element-1213bf32 elementor-widget elementor-widget-text-editor\" data-id=\"1213bf32\" data-element_type=\"widget\" data-widget_type=\"text-editor.default\">\n\t\t\t\t\t\t\t\t\t<p>Descubre nuestra red de laboratorios en la provincia de Pontevedra<\/p>\t\t\t\t\t\t\t\t<\/div>\n\t\t\t\t\t<\/div>\n\t\t<\/div>\n\t\t\t\t\t<\/div>\n\t\t<\/section>\n\t\t\t\t<section class=\"elementor-section elementor-top-section elementor-element elementor-element-30c12304 elementor-section-boxed elementor-section-height-default elementor-section-height-default\" data-id=\"30c12304\" data-element_type=\"section\">\n\t\t\t\t\t\t<div class=\"elementor-container elementor-column-gap-default\">\n\t\t\t\t\t<div class=\"elementor-column elementor-col-100 elementor-top-column elementor-element elementor-element-338b0fe2\" data-id=\"338b0fe2\" data-element_type=\"column\">\n\t\t\t<div class=\"elementor-widget-wrap elementor-element-populated\">\n\t\t\t\t\t\t<div class=\"elementor-element elementor-element-33d176f elementor-widget elementor-widget-spacer\" data-id=\"33d176f\" data-element_type=\"widget\" data-widget_type=\"spacer.default\">\n\t\t\t\t\t\t\t<div class=\"elementor-spacer\">\n\t\t\t<div class=\"elementor-spacer-inner\"><\/div>\n\t\t<\/div>\n\t\t\t\t\t\t<\/div>\n\t\t\t\t\t<\/div>\n\t\t<\/div>\n\t\t\t\t\t<\/div>\n\t\t<\/section>\n\t\t\t\t<section class=\"elementor-section elementor-top-section elementor-element elementor-element-21bb9c82 elementor-section-boxed elementor-section-height-default elementor-section-height-default\" data-id=\"21bb9c82\" data-element_type=\"section\">\n\t\t\t\t\t\t<div class=\"elementor-container elementor-column-gap-default\">\n\t\t\t\t\t<div class=\"elementor-column elementor-col-100 elementor-top-column elementor-element elementor-element-79ebe417\" data-id=\"79ebe417\" data-element_type=\"column\">\n\t\t\t<div class=\"elementor-widget-wrap elementor-element-populated\">\n\t\t\t\t\t\t<div class=\"elementor-element elementor-element-433ab6eb elementor-widget elementor-widget-spacer\" data-id=\"433ab6eb\" data-element_type=\"widget\" data-widget_type=\"spacer.default\">\n\t\t\t\t\t\t\t<div class=\"elementor-spacer\">\n\t\t\t<div class=\"elementor-spacer-inner\"><\/div>\n\t\t<\/div>\n\t\t\t\t\t\t<\/div>\n\t\t\t\t\t<\/div>\n\t\t<\/div>\n\t\t\t\t\t<\/div>\n\t\t<\/section>\n\t\t\t\t<section class=\"elementor-section elementor-top-section elementor-element elementor-element-1c6c33a6 elementor-section-boxed elementor-section-height-default elementor-section-height-default\" data-id=\"1c6c33a6\" data-element_type=\"section\">\n\t\t\t\t\t\t<div class=\"elementor-container elementor-column-gap-default\">\n\t\t\t\t\t<div class=\"elementor-column elementor-col-100 elementor-top-column elementor-element elementor-element-72ed1673 animated-fast elementor-invisible\" data-id=\"72ed1673\" data-element_type=\"column\" data-settings=\"{&quot;animation&quot;:&quot;slideInRight&quot;,&quot;background_background&quot;:&quot;classic&quot;}\">\n\t\t\t<div class=\"elementor-widget-wrap elementor-element-populated\">\n\t\t\t\t\t\t<div class=\"elementor-element elementor-element-2102534f elementor-widget elementor-widget-image\" data-id=\"2102534f\" data-element_type=\"widget\" data-widget_type=\"image.default\">\n\t\t\t\t\t\t\t\t\t\t\t\t\t\t\t<img fetchpriority=\"high\" decoding=\"async\" width=\"900\" height=\"631\" src=\"https:\/\/www.laboratorios.galimplant.com\/wp-content\/uploads\/2025\/08\/Captura-de-pantalla-2025-08-08-a-las-13.00.18-1024x718.png\" class=\"attachment-large size-large wp-image-154\" alt=\"\" srcset=\"https:\/\/www.laboratorios.galimplant.com\/wp-content\/uploads\/2025\/08\/Captura-de-pantalla-2025-08-08-a-las-13.00.18-1024x718.png 1024w, https:\/\/www.laboratorios.galimplant.com\/wp-content\/uploads\/2025\/08\/Captura-de-pantalla-2025-08-08-a-las-13.00.18-300x210.png 300w, https:\/\/www.laboratorios.galimplant.com\/wp-content\/uploads\/2025\/08\/Captura-de-pantalla-2025-08-08-a-las-13.00.18-768x539.png 768w, https:\/\/www.laboratorios.galimplant.com\/wp-content\/uploads\/2025\/08\/Captura-de-pantalla-2025-08-08-a-las-13.00.18.png 1186w\" sizes=\"(max-width: 900px) 100vw, 900px\" \/>\t\t\t\t\t\t\t\t\t\t\t\t\t\t\t<\/div>\n\t\t\t\t<div class=\"elementor-element elementor-element-58713539 elementor-widget elementor-widget-heading\" data-id=\"58713539\" data-element_type=\"widget\" data-widget_type=\"heading.default\">\n\t\t\t\t\t<h2 class=\"elementor-heading-title elementor-size-default\">Laboratorio de Pr\u00f3tesis Dental Paz<\/h2>\t\t\t\t<\/div>\n\t\t\t\t<div class=\"elementor-element elementor-element-12373a6a elementor-icon-list--layout-traditional elementor-list-item-link-full_width elementor-widget elementor-widget-icon-list\" data-id=\"12373a6a\" data-element_type=\"widget\" data-widget_type=\"icon-list.default\">\n\t\t\t\t\t\t\t<ul class=\"elementor-icon-list-items\">\n\t\t\t\t\t\t\t<li class=\"elementor-icon-list-item\">\n\t\t\t\t\t\t\t\t\t\t\t<span class=\"elementor-icon-list-icon\">\n\t\t\t\t\t\t\t<svg aria-hidden=\"true\" class=\"e-font-icon-svg e-fas-phone-alt\" viewBox=\"0 0 512 512\" xmlns=\"http:\/\/www.w3.org\/2000\/svg\"><path d=\"M497.39 361.8l-112-48a24 24 0 0 0-28 6.9l-49.6 60.6A370.66 370.66 0 0 1 130.6 204.11l60.6-49.6a23.94 23.94 0 0 0 6.9-28l-48-112A24.16 24.16 0 0 0 122.6.61l-104 24A24 24 0 0 0 0 48c0 256.5 207.9 464 464 464a24 24 0 0 0 23.4-18.6l24-104a24.29 24.29 0 0 0-14.01-27.6z\"><\/path><\/svg>\t\t\t\t\t\t<\/span>\n\t\t\t\t\t\t\t\t\t\t<span class=\"elementor-icon-list-text\">+ 34 986 508 939 - <i>Chus<\/i><\/span>\n\t\t\t\t\t\t\t\t\t<\/li>\n\t\t\t\t\t\t\t\t<li class=\"elementor-icon-list-item\">\n\t\t\t\t\t\t\t\t\t\t\t<span class=\"elementor-icon-list-icon\">\n\t\t\t\t\t\t\t<svg aria-hidden=\"true\" class=\"e-font-icon-svg e-fas-envelope\" viewBox=\"0 0 512 512\" xmlns=\"http:\/\/www.w3.org\/2000\/svg\"><path d=\"M502.3 190.8c3.9-3.1 9.7-.2 9.7 4.7V400c0 26.5-21.5 48-48 48H48c-26.5 0-48-21.5-48-48V195.6c0-5 5.7-7.8 9.7-4.7 22.4 17.4 52.1 39.5 154.1 113.6 21.1 15.4 56.7 47.8 92.2 47.6 35.7.3 72-32.8 92.3-47.6 102-74.1 131.6-96.3 154-113.7zM256 320c23.2.4 56.6-29.2 73.4-41.4 132.7-96.3 142.8-104.7 173.4-128.7 5.8-4.5 9.2-11.5 9.2-18.9v-19c0-26.5-21.5-48-48-48H48C21.5 64 0 85.5 0 112v19c0 7.4 3.4 14.3 9.2 18.9 30.6 23.9 40.7 32.4 173.4 128.7 16.8 12.2 50.2 41.8 73.4 41.4z\"><\/path><\/svg>\t\t\t\t\t\t<\/span>\n\t\t\t\t\t\t\t\t\t\t<span class=\"elementor-icon-list-text\">dentalpaz@dentalpaz.es<\/span>\n\t\t\t\t\t\t\t\t\t<\/li>\n\t\t\t\t\t\t<\/ul>\n\t\t\t\t\t\t<\/div>\n\t\t\t\t<div class=\"elementor-element elementor-element-6e95acad elementor-widget elementor-widget-html\" data-id=\"6e95acad\" data-element_type=\"widget\" data-widget_type=\"html.default\">\n\t\t\t\t\t<!-- Aseg\u00farate de que Montserrat est\u00e9 cargada -->\n<link href=\"https:\/\/fonts.googleapis.com\/css2?family=Montserrat:wght@400;600;700&display=swap\" rel=\"stylesheet\">\n\n<style>\n  .tabla-productos {\n    font-family: 'Montserrat', sans-serif;\n    border-collapse: collapse;\n    width: 100%;\n    margin: 20px 0;\n    font-size: 14px;\n  }\n\n  .tabla-productos thead {\n    background-color: #001e50; \/* azul oscuro *\/\n    color: #fff;\n    font-weight: 700;\n  }\n\n  .tabla-productos th,\n  .tabla-productos td {\n    padding: 12px 10px;\n    border: 1px solid #ccc;\n    text-align: left;\n  }\n\n  .tabla-productos tbody tr:nth-child(even) {\n    background-color: #f9f9f9;\n  }\n\n  .tabla-productos td {\n    font-weight: 400;\n  }\n\n  .tabla-productos th {\n    font-weight: 700;\n  }\n<\/style>\n\n<table class=\"tabla-productos\">\n  <thead>\n    <tr>\n      <th>Producto<\/th>\n      <th>Importe<\/th>\n      <th>Tiempos de fabricaci\u00f3n<\/th>\n    <\/tr>\n  <\/thead>\n  <tbody>\n    <tr>\n      <td>Corona monol\u00edtica de zirconio sobre interfase<\/td>\n      <td>125\u20ac<\/td>\n      <td>5 d\u00edas.<\/td>\n    <\/tr>\n    <tr>\n      <td>Corona monol\u00edtica de zirconio sobre diente<\/td>\n      <td>85\u20ac<\/td>\n      <td>5 d\u00edas.<\/td>\n    <\/tr>\n    <tr>\n      <td>Corona metal cer\u00e1mica sobre pilar<\/td>\n      <td>135\u20ac<\/td>\n      <td>7-8 d\u00edas.<\/td>\n    <\/tr>\n    <tr>\n      <td>Corona metal cer\u00e1mica sobre diente<\/td>\n      <td>80\u20ac<\/td>\n      <td>7-8 d\u00edas.<\/td>\n    <\/tr>\n    <tr>\n      <td>Carga inmediata fresada por pieza PMMA<\/td>\n      <td>30\u20ac<\/td>\n      <td>2 d\u00edas.<\/td>\n    <\/tr>\n    <tr>\n      <td>Carga inmediata impresa por pieza sobre interfase<\/td>\n      <td>-<\/td>\n      <td>-<\/td>\n    <\/tr>\n    <tr>\n      <td>Provisional resina sobre diente<\/td>\n      <td>17\u20ac<\/td>\n      <td>5 d\u00edas.<\/td>\n    <\/tr>\n    <tr>\n      <td>Arcada completa monol\u00edtica de zirconio sobre interfases<\/td>\n      <td>-<\/td>\n      <td>-<\/td>\n    <\/tr>\n    <tr>\n      <td>Arcada completa fresada de PMMA sobre interfases<\/td>\n      <td>30\u20ac\/pieza + 39\u20ac\/implante + 16\u20ac\/enc\u00eda<\/td>\n      <td>15 d\u00edas.<\/td>\n    <\/tr>\n    <tr>\n      <td>Blender titanio\/zirconio monol\u00edtico<\/td>\n      <td>250\u20ac(2 impl.) +90\u20ac impl. extra<\/td>\n      <td>-<\/td>\n    <\/tr>\n    <tr>\n      <td>Blender PMMA fresado<\/td>\n      <td>30\u20ac\/pieza + 250\u20ac barra 2 implantes (+90\u20ac\/implante adicional)<\/td>\n      <td>15 d\u00edas.<\/td>\n    <\/tr>\n    <tr>\n      <td>Blender composite fresado<\/td>\n      <td>45\u20ac\/pieza + 250\u20ac\/barra (+90\u20ac\/implante adicional)<\/td>\n      <td>15 d\u00edas.<\/td>\n    <\/tr>\n    <tr>\n      <td>Blender resina impresa<\/td>\n      <td>-<\/td>\n      <td>-<\/td>\n    <\/tr>\n    <tr>\n      <td>Pasividad de aluminio por conexi\u00f3n<\/td>\n      <td>Consultar<\/td>\n      <td>Consultar<\/td>\n    <\/tr>\n    <tr>\n      <td>Enc\u00eda rosa cer\u00e1mica por pieza <\/td>\n      <td>11\u20ac<\/td>\n      <td>-<\/td>\n    <\/tr>\n    <tr>\n      <td>Prueba est\u00e9tica<\/td>\n      <td>10\u20ac<\/td>\n      <td>5 d\u00edas.<\/td>\n     <\/tr>\n    <tr>\n        <td>F\u00e9rula quir\u00fargica <\/td>\n      <td>-<\/td>\n      <td>-<\/td>\n    <\/tr>\n    <tr>\n        <td>F\u00e9rula Michigan fresada <\/td>\n      <td>90\u20ac<\/td>\n      <td>5 d\u00edas.<\/td>\n      <\/tr>\n    <tr>\n       <td>F\u00e9rula Michigan impresa  <\/td>\n      <td>-<\/td>\n      <td>-<\/td>\n  <\/tbody>\n<\/table>\n\t\t\t\t<\/div>\n\t\t\t\t<div class=\"elementor-element elementor-element-e1b6342 elementor-widget elementor-widget-image\" data-id=\"e1b6342\" data-element_type=\"widget\" data-widget_type=\"image.default\">\n\t\t\t\t\t\t\t\t\t\t\t\t\t\t\t<img decoding=\"async\" width=\"726\" height=\"703\" src=\"https:\/\/www.laboratorios.galimplant.com\/wp-content\/uploads\/2025\/08\/foto-dentalpaz.jpg\" class=\"attachment-large size-large wp-image-784\" alt=\"\" srcset=\"https:\/\/www.laboratorios.galimplant.com\/wp-content\/uploads\/2025\/08\/foto-dentalpaz.jpg 726w, https:\/\/www.laboratorios.galimplant.com\/wp-content\/uploads\/2025\/08\/foto-dentalpaz-300x290.jpg 300w\" sizes=\"(max-width: 726px) 100vw, 726px\" \/>\t\t\t\t\t\t\t\t\t\t\t\t\t\t\t<\/div>\n\t\t\t\t\t<\/div>\n\t\t<\/div>\n\t\t\t\t\t<\/div>\n\t\t<\/section>\n\t\t\t\t<section class=\"elementor-section elementor-top-section elementor-element elementor-element-52bbd1ce elementor-section-boxed elementor-section-height-default elementor-section-height-default\" data-id=\"52bbd1ce\" data-element_type=\"section\">\n\t\t\t\t\t\t<div class=\"elementor-container elementor-column-gap-default\">\n\t\t\t\t\t<div class=\"elementor-column elementor-col-100 elementor-top-column elementor-element elementor-element-657c51df\" data-id=\"657c51df\" data-element_type=\"column\">\n\t\t\t<div class=\"elementor-widget-wrap elementor-element-populated\">\n\t\t\t\t\t\t<div class=\"elementor-element elementor-element-4b0d7910 elementor-widget elementor-widget-spacer\" data-id=\"4b0d7910\" data-element_type=\"widget\" data-widget_type=\"spacer.default\">\n\t\t\t\t\t\t\t<div class=\"elementor-spacer\">\n\t\t\t<div class=\"elementor-spacer-inner\"><\/div>\n\t\t<\/div>\n\t\t\t\t\t\t<\/div>\n\t\t\t\t\t<\/div>\n\t\t<\/div>\n\t\t\t\t\t<\/div>\n\t\t<\/section>\n\t\t\t\t<section class=\"elementor-section elementor-top-section elementor-element elementor-element-20573125 elementor-section-boxed elementor-section-height-default elementor-section-height-default\" data-id=\"20573125\" data-element_type=\"section\" data-settings=\"{&quot;background_background&quot;:&quot;classic&quot;}\">\n\t\t\t\t\t\t<div class=\"elementor-container elementor-column-gap-default\">\n\t\t\t\t\t<div class=\"elementor-column elementor-col-100 elementor-top-column elementor-element elementor-element-41701371\" data-id=\"41701371\" data-element_type=\"column\">\n\t\t\t<div class=\"elementor-widget-wrap elementor-element-populated\">\n\t\t\t\t\t\t<div class=\"elementor-element elementor-element-771a9174 elementor-align-center elementor-widget elementor-widget-button\" data-id=\"771a9174\" data-element_type=\"widget\" data-widget_type=\"button.default\">\n\t\t\t\t\t\t\t\t\t\t<a class=\"elementor-button elementor-button-link elementor-size-sm\" href=\"https:\/\/www.laboratorios.galimplant.com\/#mapalaboratorios\">\n\t\t\t\t\t\t<span class=\"elementor-button-content-wrapper\">\n\t\t\t\t\t\t\t\t\t<span class=\"elementor-button-text\">VER OTRAS PROVINCIAS<\/span>\n\t\t\t\t\t<\/span>\n\t\t\t\t\t<\/a>\n\t\t\t\t\t\t\t\t<\/div>\n\t\t\t\t\t<\/div>\n\t\t<\/div>\n\t\t\t\t\t<\/div>\n\t\t<\/section>\n\t\t\t\t<section class=\"elementor-section elementor-top-section elementor-element elementor-element-107b53f9 elementor-section-boxed elementor-section-height-default elementor-section-height-default\" data-id=\"107b53f9\" data-element_type=\"section\">\n\t\t\t\t\t\t<div class=\"elementor-container elementor-column-gap-default\">\n\t\t\t\t\t<div class=\"elementor-column elementor-col-100 elementor-top-column elementor-element elementor-element-7709cdd0\" data-id=\"7709cdd0\" data-element_type=\"column\">\n\t\t\t<div class=\"elementor-widget-wrap elementor-element-populated\">\n\t\t\t\t\t\t<div class=\"elementor-element elementor-element-198f3c77 elementor-widget elementor-widget-spacer\" data-id=\"198f3c77\" data-element_type=\"widget\" data-widget_type=\"spacer.default\">\n\t\t\t\t\t\t\t<div class=\"elementor-spacer\">\n\t\t\t<div class=\"elementor-spacer-inner\"><\/div>\n\t\t<\/div>\n\t\t\t\t\t\t<\/div>\n\t\t\t\t\t<\/div>\n\t\t<\/div>\n\t\t\t\t\t<\/div>\n\t\t<\/section>\n\t\t\t\t<\/div>\n\t\t","protected":false},"excerpt":{"rendered":"<p>LABORATORIOS EN PONTEVEDRA Descubre nuestra red de laboratorios en la provincia de Pontevedra Laboratorio de Pr\u00f3tesis Dental Paz + 34 986 508 939 &#8211; Chus dentalpaz@dentalpaz.es Producto Importe Tiempos de fabricaci\u00f3n Corona monol\u00edtica de zirconio sobre interfase 125\u20ac 5 d\u00edas. Corona monol\u00edtica de zirconio sobre diente 85\u20ac 5 d\u00edas. Corona metal cer\u00e1mica sobre pilar 135\u20ac &#8230; <a title=\"Pontevedra\" class=\"read-more\" href=\"https:\/\/www.laboratorios.galimplant.com\/index.php\/pontevedra\/\" aria-label=\"Leer m\u00e1s sobre Pontevedra\">Leer m\u00e1s<\/a><\/p>\n","protected":false},"author":1,"featured_media":0,"parent":0,"menu_order":0,"comment_status":"closed","ping_status":"closed","template":"elementor_header_footer","meta":{"footnotes":""},"class_list":["post-75","page","type-page","status-publish"],"_links":{"self":[{"href":"https:\/\/www.laboratorios.galimplant.com\/index.php\/wp-json\/wp\/v2\/pages\/75","targetHints":{"allow":["GET"]}}],"collection":[{"href":"https:\/\/www.laboratorios.galimplant.com\/index.php\/wp-json\/wp\/v2\/pages"}],"about":[{"href":"https:\/\/www.laboratorios.galimplant.com\/index.php\/wp-json\/wp\/v2\/types\/page"}],"author":[{"embeddable":true,"href":"https:\/\/www.laboratorios.galimplant.com\/index.php\/wp-json\/wp\/v2\/users\/1"}],"replies":[{"embeddable":true,"href":"https:\/\/www.laboratorios.galimplant.com\/index.php\/wp-json\/wp\/v2\/comments?post=75"}],"version-history":[{"count":37,"href":"https:\/\/www.laboratorios.galimplant.com\/index.php\/wp-json\/wp\/v2\/pages\/75\/revisions"}],"predecessor-version":[{"id":1648,"href":"https:\/\/www.laboratorios.galimplant.com\/index.php\/wp-json\/wp\/v2\/pages\/75\/revisions\/1648"}],"wp:attachment":[{"href":"https:\/\/www.laboratorios.galimplant.com\/index.php\/wp-json\/wp\/v2\/media?parent=75"}],"curies":[{"name":"wp","href":"https:\/\/api.w.org\/{rel}","templated":true}]}}